{"id":577,"date":"2019-12-16T12:55:32","date_gmt":"2019-12-16T12:55:32","guid":{"rendered":"https:\/\/reiner-geiger.online\/clone\/?page_id=577"},"modified":"2020-06-03T16:52:43","modified_gmt":"2020-06-03T16:52:43","slug":"highlight-pro","status":"publish","type":"page","link":"https:\/\/reiner-geiger.de\/","title":{"rendered":"Front Page"},"content":{"rendered":"<div  data-label=\"Overlappable\" data-id=\"overlappable--1\" data-export-id=\"overlappable-3\" data-category=\"overlappable\" class=\"overlappable-3 content-section content-section-spacing\" data-overlap=\"true\" id=\"overlappable-1\" style=\"background-color: rgb(255, 255, 255);\"><div  class=\"gridContainer\"> <div  class=\"row bg-color-white shadow-medium\"><div  class=\"col-xs-12 col-sm-6 image-col first-image-col\" data-bg=\"image\" style=\"background-image: url(&quot;https:\/\/reiner-geiger.de\/clone\/wp-content\/uploads\/2019\/12\/cropped-mountain-scenery-4650199_1920.jpg&quot;);\"><\/div> <div  class=\"col-xs-12 col-sm-6 content-col col-padding col-padding-xs\"> <div  class=\"col-padding\" data-type=\"column\"> <h4  class=\"\"><span  style=\"color: rgb(255, 152, 0);\">Offen f\u00fcr neue Herausforderungen<\/span><br ><span  id=\"_mce_caret\" data-mce-bogus=\"1\" data-mce-type=\"format-caret\"><span  style=\"color: rgb(255, 152, 0);\"><\/span><\/span><\/h4> <p  class=\"\">Ich freue mich immer auf neue Projekte mit ungew\u00f6hnlichen Herausforderungen und der M\u00f6glichkeit neue Erfahrungen zu sammeln .\n<br ><br >Bevorzugt\ufeff interessieren mich Projekte der kombinierten Hardware- und Softwareentwicklung sowie Projekte mit Bezug zu physikalischen und umwelttechnischen Fragestellungen bzw. Neuentwicklungen.\n<br ><br >Die Projektverortung ist dabei nicht auf EU bzw. europ\u00e4ische L\u00e4nder beschr\u00e4nkt. Durch Projekte in vielen L\u00e4ndern Westeuropas, den USA, fast ganz Ostafrika inklusive des Sudan und \u00c4thiopien, China, Pakistan, Afghanistan und der Karibik verf\u00fcge ich gen\u00fcgend Erfahrung, um mich mit Arbeitsbedingungen verschiedenster Kulturkreise erfolgreich arrangieren zu k\u00f6nnen.<\/p> <\/div> <\/div><\/div> <div  class=\"row bg-color-white shadow-medium\"><div  class=\"col-xs-12 col-sm-6 content-col col-padding col-padding-xs\"> <div  class=\"col-padding\" data-type=\"column\"><h4  class=\"\"><span  style=\"color: rgb(255, 152, 0);\">Kontaktieren Sie mich \u2026<\/span><\/h4> <p  class=\"\">Wenn Sie Hilfe bei der Entwicklung eines interessanten und herausfordernden  Projektes ben\u00f6tigen,  freue ich mich auf eine Kontaktaufnahme. Senden Sie mir einfach eine eMail.\n<br ><br >Auf den weiteren Seiten finden Sie einen \u00dcberblick \u00fcber meine bisherigen T\u00e4tigkeiten und Erfahrungen .<br >\nDurch mehr als 35 Jahre Erfahrung in breit gef\u00e4cherter T\u00e4tigkeit \u2013 der Software- und Hardwareentwicklung sowie im internationalen Consulting \u2013 stehe ich Ihnen bei Ihren Projekten mit fundierten Fachkenntnissen gerne zur Seite.<\/p> <\/div> <\/div> <div  class=\"col-xs-12 col-sm-6 image-col second-image-col first-xs last-sm\" data-bg=\"image\" style=\"background-image: url(&quot;https:\/\/reiner-geiger.de\/clone\/wp-content\/uploads\/2019\/12\/cropped-road-368719_1920-1.jpg&quot;);\"><\/div> <\/div><\/div> <\/div>","protected":false},"excerpt":{"rendered":"<p>Offen f\u00fcr neue Herausforderungen Ich freue mich immer auf neue Projekte mit ungew\u00f6hnlichen Herausforderungen und der M\u00f6glichkeit neue Erfahrungen zu sammeln . Bevorzugt\ufeff interessieren mich Projekte der kombinierten Hardware- und Softwareentwicklung sowie Projekte mit Bezug zu physikalischen und umwelttechnischen Fragestellungen bzw. Neuentwicklungen. Die Projektverortung ist dabei nicht auf EU bzw. europ\u00e4ische L\u00e4nder beschr\u00e4nkt. Durch Projekte&hellip; <br \/> <a class=\"read-more\" href=\"https:\/\/reiner-geiger.de\/\">Weiterlesen<\/a><\/p>\n","protected":false},"author":1,"featured_media":0,"parent":0,"menu_order":0,"comment_status":"closed","ping_status":"closed","template":"page-templates\/homepage.php","meta":{"footnotes":""},"class_list":["post-577","page","type-page","status-publish","hentry"],"_links":{"self":[{"href":"https:\/\/reiner-geiger.de\/index.php?rest_route=\/wp\/v2\/pages\/577","targetHints":{"allow":["GET"]}}],"collection":[{"href":"https:\/\/reiner-geiger.de\/index.php?rest_route=\/wp\/v2\/pages"}],"about":[{"href":"https:\/\/reiner-geiger.de\/index.php?rest_route=\/wp\/v2\/types\/page"}],"author":[{"embeddable":true,"href":"https:\/\/reiner-geiger.de\/index.php?rest_route=\/wp\/v2\/users\/1"}],"replies":[{"embeddable":true,"href":"https:\/\/reiner-geiger.de\/index.php?rest_route=%2Fwp%2Fv2%2Fcomments&post=577"}],"version-history":[{"count":5,"href":"https:\/\/reiner-geiger.de\/index.php?rest_route=\/wp\/v2\/pages\/577\/revisions"}],"predecessor-version":[{"id":607,"href":"https:\/\/reiner-geiger.de\/index.php?rest_route=\/wp\/v2\/pages\/577\/revisions\/607"}],"wp:attachment":[{"href":"https:\/\/reiner-geiger.de\/index.php?rest_route=%2Fwp%2Fv2%2Fmedia&parent=577"}],"curies":[{"name":"wp","href":"https:\/\/api.w.org\/{rel}","templated":true}]}}