{"id":402,"date":"2018-05-16T11:00:43","date_gmt":"2018-05-16T11:00:43","guid":{"rendered":"https:\/\/reiner-geiger.online\/clone\/?page_id=402"},"modified":"2020-06-03T17:05:31","modified_gmt":"2020-06-03T17:05:31","slug":"datenaustausch","status":"publish","type":"page","link":"https:\/\/reiner-geiger.de\/?page_id=402","title":{"rendered":"datenaustausch"},"content":{"rendered":"<div  data-id=\"initial-content-section\" data-export-id=\"initial-content-section\" data-label=\"Initial Content\" id=\"initial-content-section\" class=\"content-section content-section-spacing\" style=\"background-image: none; background-color: rgb(255, 255, 255);\">\n   <div  class=\"gridContainer\">\n     <div  class=\"row\">\n\n        <div  class=\"col-xs-12 col-sm-12\">                <h2 >Erkl\u00e4rung<\/h2>\n<hr >\n<p >Ich weise darauf hin, dass die Daten\u00fcbertragung im Internet (z.B. bei der Kommunikation per E-Mail) Sicherheitsl\u00fccken aufweisen kann. Ein l\u00fcckenloser Schutz der Daten vor dem Zugriff durch Dritte ist nicht m\u00f6glich.<\/p>\n<p >Ich \u00fcbernehme ausschlie\u00dflich f\u00fcr verschl\u00fcsselt UND signiert \u00fcbertragene kundenbezogene Daten Verantwortung. (siehe auch Verschl\u00fcsselung : letzer Punkt auf dieser Seite)<\/p>\n<p >Eingehende EMail von Servern innerhalb der USA&nbsp; sowie Gro\u00dfbritannien (Hotmail,Outlook.com,Google,Microsoft,Facebook etc) wird in Anbetracht der ma\u00dflosen und verfassungsfeindlichen Eingriffe in die Kommunikationssysteme und der Spionaget\u00e4tigkeit der Regierungen dieser Staaten aus Datenschutzgr\u00fcnden automatisch gefiltert und ungelesen gel\u00f6scht.<\/p>\n<p >Die mir \u00fcbermittelten Daten und Unterlagen sollten mit einem anerkannten Verschl\u00fcsselungsverfahren vor fremdem Zugriff auf dem \u00dcbertragungsweg gesch\u00fctzt werden.<\/p>\n<p >Vertragsunterlagen, technische Unterlagen und sonstige vertrauliche und\/oder rechtsverbindliche Dokumente in nicht verschl\u00fcsselter Form werden von mir NICHT akzeptiert.<\/p>\n<p >PDF Dateien mit vertraulichem Inhalt M\u00dcSSEN im PDF\/A Format erstellt und mit einem Passwort gesch\u00fctzt sein, welches gesondert (nach Absprache) zu \u00fcbermitteln ist.<\/p>\n<h5 >Von einer \u00dcbermittelung von Dokumenten in ver\u00e4nderlicher Form (Office\/Libreoffice\/Text-Formate) sollte generell abgesehen werden.<\/h5>\n<h2 >Verschl\u00fcsselung<\/h2>\n<hr >\n<p >Ich empfehle dringend die Nutzung von \u201eOpenSource\u201c-Programmen wie \u201aopenPGP\u2018, da kommerzielle Produkte NICHT in einem offenen Verfahren auf ihre Sicherheit gepr\u00fcft werden k\u00f6nnen.<\/p>\n<p >Verschl\u00fcsselungsmodule (AdOn\u2019s) stehen f\u00fcr die meisten EMail-Clients (z.B. Thunderbird) kostenfrei zur Verf\u00fcgung.<\/p>\n<p >Die Schl\u00fcssell\u00e4nge sollte mindesten 1024, besser jedoch 2048 oder 4096 Bit betragen.<\/p>\n<p >Mein \u00f6ffentlicher Schl\u00fcssel zur \u00dcbertragung von Daten an meine EMail-Adresse wird jeweils meiner EMail angeh\u00e4ngt, kann aber auch auf PGP Schl\u00fcsselservern gefunden werden:<\/p>\n<table  style=\"height: 230px;\" width=\"566\" cellspacing=\"0\" cellpadding=\"0\">\n<tbody >\n<tr  valign=\"TOP\">\n<td  width=\"89\">\n<p  align=\"LEFT\"><span  style=\"color: #000000;\">KEYSERVER:<\/span><\/p>\n<\/td>\n<td  width=\"7\">&nbsp;<\/td>\n<td  width=\"421\"><span  style=\"color: #ff0000;\">subkeys.pgp.net<\/span><\/td>\n<\/tr>\n<tr  valign=\"TOP\">\n<td  width=\"89\">\n<p  align=\"LEFT\">Schl\u00fcssel-ID:<\/p>\n<\/td>\n<td  width=\"7\">&nbsp;<\/td>\n<td  width=\"421\"><span  style=\"color: #ff0000;\">0xD96B6FFE<\/span><\/td>\n<\/tr>\n<tr  valign=\"TOP\">\n<td  width=\"89\">\n<p  align=\"LEFT\">Fingerprint:<\/p>\n<\/td>\n<td  width=\"7\">&nbsp;<\/td>\n<td  width=\"421\"><span  style=\"color: #ff0000;\">7EAF DEF9 9531 BB21 DCF2 8BC2 5F2C EAF6 D96B 6FFE<\/span><\/td>\n<\/tr>\n<tr  valign=\"TOP\">\n<td  width=\"89\">\n<p  align=\"LEFT\">Ablaufdatum:<\/p>\n<\/td>\n<td  width=\"7\">&nbsp;<\/td>\n<td  width=\"421\"><span  style=\"color: #ff0000;\">Kein<\/span><\/td>\n<\/tr>\n<\/tbody>\n<\/table>\n<table  style=\"height: 284px;\" width=\"653\" cellspacing=\"0\" cellpadding=\"0\">\n<tbody >\n<tr  valign=\"TOP\">\n<td  width=\"89\">&nbsp;<\/td>\n<td  width=\"7\">&nbsp;<\/td>\n<td  width=\"421\">&nbsp;<\/td>\n<\/tr>\n<tr  valign=\"TOP\">\n<td  width=\"89\">&nbsp;<\/td>\n<td  width=\"7\">&nbsp;<\/td>\n<td  width=\"421\">Weitere aktuelle Informationen zum Thema:<\/td>\n<\/tr>\n<tr  valign=\"TOP\">\n<td  width=\"89\">&nbsp;<\/td>\n<td  width=\"7\">&nbsp;<\/td>\n<td  width=\"421\">\n<pre ><span  style=\"color: #ff0000;\"><a style=\"color: #ff0000;\" href=\"https:\/\/www.heise.de\/security\/dienste\/Krypto-Kampagne-2111.html\" target=\"_blank\" rel=\"noopener noreferrer\" class=\"\">https:\/\/www.heise.de\/security\/dienste\/Krypto-Kampagne-2111.html\n<\/a><a style=\"color: #ff0000;\" href=\"https:\/\/users.telenet.be\/privacyhandbuch\" target=\"_blank\" rel=\"noopener noreferrer\" class=\"\">https:\/\/users.telenet.be\/privacyhandbuch\/<\/a><\/span>\n<a href=\"https:\/\/www.heise.de\/security\/news\" target=\"_blank\" rel=\"noopener noreferrer\" class=\"\"><span  style=\"color: #ff0000;\">https:\/\/www.heise.de\/security\/news\/<\/span><\/a>\n<span  style=\"color: #ff0000;\"><a style=\"color: #ff0000;\" href=\"https:\/\/prism-break.org\/en\/#de\" target=\"_blank\" rel=\"noopener noreferrer\" class=\"\">https:\/\/prism-break.org\/en\/#de<\/a><\/span><\/pre>\n<\/td>\n<\/tr>\n<tr  valign=\"TOP\">\n<td  width=\"89\">&nbsp;<\/td>\n<td  width=\"7\">&nbsp;<\/td>\n<td  width=\"421\"><span  style=\"color: #ff0000;\"><a style=\"color: #ff0000;\" href=\"https:\/\/www.privacysurgeon.org\/blog\" target=\"_blank\" rel=\"noopener noreferrer\" class=\"\">https:\/\/www.privacysurgeon.org\/blog\/<\/a><\/span><\/td>\n<\/tr>\n<\/tbody>\n<\/table>\n<p ><\/p>\n<p ><\/p>\n\n          <\/div>\n      <\/div>\n  <\/div>\n<\/div>","protected":false},"excerpt":{"rendered":"<p>Erkl\u00e4rung Ich weise darauf hin, dass die Daten\u00fcbertragung im Internet (z.B. bei der Kommunikation per E-Mail) Sicherheitsl\u00fccken aufweisen kann. Ein l\u00fcckenloser Schutz der Daten vor dem Zugriff durch Dritte ist nicht m\u00f6glich. Ich \u00fcbernehme ausschlie\u00dflich f\u00fcr verschl\u00fcsselt UND signiert \u00fcbertragene kundenbezogene Daten Verantwortung. (siehe auch Verschl\u00fcsselung : letzer Punkt auf dieser Seite) Eingehende EMail von&hellip; <br \/> <a class=\"read-more\" href=\"https:\/\/reiner-geiger.de\/?page_id=402\">Weiterlesen<\/a><\/p>\n","protected":false},"author":1,"featured_media":0,"parent":0,"menu_order":0,"comment_status":"closed","ping_status":"closed","template":"pro\/page-templates\/full-width-page.php","meta":{"footnotes":""},"class_list":["post-402","page","type-page","status-publish","hentry"],"_links":{"self":[{"href":"https:\/\/reiner-geiger.de\/index.php?rest_route=\/wp\/v2\/pages\/402","targetHints":{"allow":["GET"]}}],"collection":[{"href":"https:\/\/reiner-geiger.de\/index.php?rest_route=\/wp\/v2\/pages"}],"about":[{"href":"https:\/\/reiner-geiger.de\/index.php?rest_route=\/wp\/v2\/types\/page"}],"author":[{"embeddable":true,"href":"https:\/\/reiner-geiger.de\/index.php?rest_route=\/wp\/v2\/users\/1"}],"replies":[{"embeddable":true,"href":"https:\/\/reiner-geiger.de\/index.php?rest_route=%2Fwp%2Fv2%2Fcomments&post=402"}],"version-history":[{"count":10,"href":"https:\/\/reiner-geiger.de\/index.php?rest_route=\/wp\/v2\/pages\/402\/revisions"}],"predecessor-version":[{"id":671,"href":"https:\/\/reiner-geiger.de\/index.php?rest_route=\/wp\/v2\/pages\/402\/revisions\/671"}],"wp:attachment":[{"href":"https:\/\/reiner-geiger.de\/index.php?rest_route=%2Fwp%2Fv2%2Fmedia&parent=402"}],"curies":[{"name":"wp","href":"https:\/\/api.w.org\/{rel}","templated":true}]}}