{"id":27,"date":"2012-08-31T16:46:29","date_gmt":"2012-08-31T16:46:29","guid":{"rendered":"https:\/\/reiner-geiger.online\/clone\/?page_id=27"},"modified":"2020-06-03T17:08:53","modified_gmt":"2020-06-03T17:08:53","slug":"disclaimer","status":"publish","type":"page","link":"https:\/\/reiner-geiger.de\/?page_id=27","title":{"rendered":"disclaimer+copyrights"},"content":{"rendered":"<div  data-id=\"initial-content-section\" data-export-id=\"initial-content-section\" data-label=\"Initial Content\" id=\"initial-content-section\" class=\"content-section content-section-spacing\" style=\"background-image: none; background-color: rgb(255, 255, 255);\">\n   <div  class=\"gridContainer\">\n     <div  class=\"row\">\n\n        <div  class=\"col-xs-12 col-sm-12\">                <h2 ><strong >Erkl\u00e4rung<\/strong><\/h2>\n<hr >\n<p >Der Autor \u00fcbernimmt keinerlei Haftung f\u00fcr die Aktualit\u00e4t, Korrektheit, Vollst\u00e4ndigkeit oder Qualit\u00e4t der bereitgestellten Informationen.<\/p>\n<p >Haftungsanspr\u00fcche gegen den Autor wegen Sch\u00e4den materieller oder ideeller Art, welche sich durch die Nutzung oder Nichtnutzung der bereitgestellten Informationen ergeben, sind grunds\u00e4tzlich ausgeschlossen, sofern seitens des Autors kein nachweislich vors\u00e4tzliches oder grob fahrl\u00e4ssiges Verschulden vorliegt.<\/p>\n<p >Der Autor beh\u00e4lt sich eine Ver\u00e4nderung, Erg\u00e4nzung oder L\u00f6schung von Teilen sowie des gesamten Inhaltes ohne Ank\u00fcndigung vor.<\/p>\n<h2 ><strong >Verweise und Links<\/strong><\/h2>\n<hr >\n<p >Der Autor erkl\u00e4rt hiermit ausdr\u00fccklich, dass zum Zeitpunkt der Linksetzung keine illegalen Inhalte innerhalb der verlinkten Seiten erkennbar waren. Auf eine zuk\u00fcnftige Gestaltung sowie die Urheberschaft der verlinkten Seiten hat der Autor keinerlei Einflu\u00df. Von Inhalten, welche nach der Linksetzung ver\u00e4ndert wurden, distanziert sich der Autor hiermit ausdr\u00fccklich.<\/p>\n<p >Als Diensteanbieter ist der Autor gem\u00e4\u00df \u00a7 7 Abs.1 TMG f\u00fcr eigene Inhalte auf diesen Seiten nach den allgemeinen Gesetzen verantwortlich. Nach \u00a7\u00a7 8 bis 10 TMG&nbsp;ist der Autor Diensteanbieter jedoch nicht verpflichtet, \u00fcbermittelte oder gespeicherte fremde Informationen zu \u00fcberwachen oder nach Umst\u00e4nden zu forschen, die auf eine rechtswidrige T\u00e4tigkeit hinweisen. Verpflichtungen zur Entfernung oder Sperrung der Nutzung von Informationen nach den allgemeinen Gesetzen bleiben hiervon unber\u00fchrt. Eine diesbez\u00fcgliche Haftung ist jedoch erst ab dem Zeitpunkt der Kenntnis einer konkreten Rechtsverletzung m\u00f6glich. Bei Bekanntwerden von entsprechenden Rechtsverletzungen werden diese Inhalte umgehend entfernt.<\/p>\n<h2 ><strong >Urheberrecht und <\/strong><strong >Schutzrechtsverletzungen<\/strong><\/h2>\n<hr >\n<p >Der Autor nutzt in Ver\u00f6ffentlichungen ausschlie\u00dflich eigene Bilder, Grafiken oder sonstiges Material, sowie Material welches ausdr\u00fccklich zur freien Nutzung freigegeben wurde (\u201eCreative Commons\u201c).<\/p>\n<p >Falls Sie vermuten, dass von dieser Website aus eines Ihrer Schutzrechte verletzt wird, teilen Sie das bitte umgehend per elektronischer Post mit, damit z\u00fcgig Abhilfe geschafft werden kann. Bitte nehmen Sie zur Kenntnis: Die zeitaufw\u00e4ndigere Einschaltung eines Anwaltes zur f\u00fcr den Diensteanbieter kostenpflichtigen Abmahnung entspricht nicht dessen wirklichen oder mutma\u00dflichen Willen.<\/p>\n<h2 >Rechte Dritter<\/h2>\n<hr >\n<p >Teile der Datenschutzerkl\u00e4rung basieren -mit freundlicher Genehmigung- auf der Datenschutzerkl\u00e4rung&nbsp; der <a  href=\"https:\/\/www.egon-w-kreutzer.de\/Ressourcen\/Datenschutzerkl%E4rung.pdf\" class=\"\">EWK-Verlag GmbH<\/a>.<\/p>\n<p >Einige Bilder stammen aus der kostenlosen Bilddatenbank <a title=\"Bilderdatenbank\" href=\"https:\/\/www.piqs.de\" target=\"_blank\" rel=\"noopener noreferrer\" class=\"\">www.piqs.de <\/a>(CC-Lizenz) und pixabay.com (Freie kommerzielle Nutzung\/Kein Bildnachweis n\u00f6tig):<\/p>\n<p  style=\"padding-left: 40px;\">Frontpage-Hintergrund: Bild von Stefan Keller ID=\u20193827454\u2032&nbsp;&nbsp; Header-Hintergrund 1:&nbsp; Bild von Gerald Altmann&nbsp; ID=\u2019368719\u2032<\/p>\n<p  style=\"padding-left: 40px;\">Header-Hintergrund 2:&nbsp; Micha.H, \u201eDrops &amp; Bullets\u201c, CC-Lizenz (BY 2.0) \/ piqs.de ID: e9d22374a05f078a58531695e0d572bf<\/p>\n<p ><a  href=\"https:\/\/creativecommons.org\/licenses\/by\/2.0\/de\/deed.de\" class=\"\"> https:\/\/creativecommons.org\/licenses\/by\/2.0\/de\/deed.de<\/a><\/p>\n<p ><a  href=\"http:\/\/www.pixaby.com\" class=\"\"> www.pixabay.com<\/a><\/p>\n<p ><a  href=\"http:\/\/www.piqs.de\" class=\"\">www.piqs.de<\/a><\/p>\n\n          <\/div>\n      <\/div>\n  <\/div>\n<\/div>","protected":false},"excerpt":{"rendered":"<p>Erkl\u00e4rung Der Autor \u00fcbernimmt keinerlei Haftung f\u00fcr die Aktualit\u00e4t, Korrektheit, Vollst\u00e4ndigkeit oder Qualit\u00e4t der bereitgestellten Informationen. Haftungsanspr\u00fcche gegen den Autor wegen Sch\u00e4den materieller oder ideeller Art, welche sich durch die Nutzung oder Nichtnutzung der bereitgestellten Informationen ergeben, sind grunds\u00e4tzlich ausgeschlossen, sofern seitens des Autors kein nachweislich vors\u00e4tzliches oder grob fahrl\u00e4ssiges Verschulden vorliegt. Der Autor beh\u00e4lt&hellip; <br \/> <a class=\"read-more\" href=\"https:\/\/reiner-geiger.de\/?page_id=27\">Weiterlesen<\/a><\/p>\n","protected":false},"author":1,"featured_media":0,"parent":0,"menu_order":0,"comment_status":"closed","ping_status":"closed","template":"pro\/page-templates\/full-width-page.php","meta":{"footnotes":""},"class_list":["post-27","page","type-page","status-publish","hentry"],"_links":{"self":[{"href":"https:\/\/reiner-geiger.de\/index.php?rest_route=\/wp\/v2\/pages\/27","targetHints":{"allow":["GET"]}}],"collection":[{"href":"https:\/\/reiner-geiger.de\/index.php?rest_route=\/wp\/v2\/pages"}],"about":[{"href":"https:\/\/reiner-geiger.de\/index.php?rest_route=\/wp\/v2\/types\/page"}],"author":[{"embeddable":true,"href":"https:\/\/reiner-geiger.de\/index.php?rest_route=\/wp\/v2\/users\/1"}],"replies":[{"embeddable":true,"href":"https:\/\/reiner-geiger.de\/index.php?rest_route=%2Fwp%2Fv2%2Fcomments&post=27"}],"version-history":[{"count":14,"href":"https:\/\/reiner-geiger.de\/index.php?rest_route=\/wp\/v2\/pages\/27\/revisions"}],"predecessor-version":[{"id":677,"href":"https:\/\/reiner-geiger.de\/index.php?rest_route=\/wp\/v2\/pages\/27\/revisions\/677"}],"wp:attachment":[{"href":"https:\/\/reiner-geiger.de\/index.php?rest_route=%2Fwp%2Fv2%2Fmedia&parent=27"}],"curies":[{"name":"wp","href":"https:\/\/api.w.org\/{rel}","templated":true}]}}