{"id":13,"date":"2012-08-31T16:26:27","date_gmt":"2012-08-31T16:26:27","guid":{"rendered":"https:\/\/reiner-geiger.online\/clone\/?page_id=13"},"modified":"2020-06-03T17:28:32","modified_gmt":"2020-06-03T17:28:32","slug":"kontakt","status":"publish","type":"page","link":"https:\/\/reiner-geiger.de\/?page_id=13","title":{"rendered":"kontakt"},"content":{"rendered":"<div  data-id=\"initial-content-section\" data-export-id=\"initial-content-section\" data-label=\"Initial Content\" id=\"initial-content-section\" class=\"content-section content-section-spacing\" style=\"background-image: none; background-color: rgb(255, 255, 255);\">\n   <div  class=\"gridContainer\">\n     <div  class=\"row\">\n\n        <div  class=\"col-xs-12 col-sm-12\">                <p >Sie k\u00f6nnen mir schriftliche Nachrichten oder Anfragen aktuell mit dem weiter unten folgenden Kontaktformular ( TLS Transport + PGP verschl\u00fcsselt ), auf dem Postwege, per FAX oder per EMail (PGP Schl\u00fcssel: siehe <a  href=\"https:\/\/reiner-geiger.de\/clone?page_id=402\"><span  style=\"color: #0000ff;\">datenaustausch<\/span><\/a>) \u00fcbermitteln. Selbstverst\u00e4ndlich bin ich w\u00e4hrend \u00fcblicher B\u00fcrozeiten auch telefonisch erreichbar.<\/p>\n<p ><strong >Auf Anfrage ist auch ein verschl\u00fcsselter Austausch \u00fcber die \u201aThreema\u2018&nbsp; und \u201aSignal\u2018 Messenger m\u00f6glich.<br >\n<\/strong><\/p>\n<p >Tel.: +49 (0) 2339 \/ 9088262<br >\nFax: +49 (0) 2339 \/ 9088264<\/p>\n<p ><a  href=\"mailto:info@reiner-geiger.de?subject=Anfrage\">info@reiner-geiger.de<\/a><\/p>\n<p >Ich werde mich kurzfristig mit Ihnen in Verbindung setzen. Lesen Sie bitte unbedingt die Hinweise zum Datenschutz und Widerpruchshinweisen unter: <span  style=\"color: #0000ff;\"><a  style=\"color: #0000ff;\" href=\"https:\/\/reiner-geiger.de\/clone?page_id=176\">datenschutz<\/a><\/span> !<\/p>\n<p ><span  style=\"color: #ff0000;\">Wichtiger Hinweis:<\/span> Bevor Sie mir im Anhang einer EMail-Nachricht Dateien \u00fcbermitteln, lesen Sie bitte <span  style=\"color: #ff0000;\">unbedingt<\/span> die Hinweise unter: <a  href=\"https:\/\/reiner-geiger.de\/clone?page_id=402\"><span  style=\"color: #0000ff;\">datenaustausch<\/span><\/a> !<\/p>\n<p >(bitte stellen Sie sicher, da\u00df Ihre EMail(SPAM)Filter meine Antworten nicht automatisch l\u00f6schen)<\/p>\n<hr >\n<p >Ihre Anfrage wird PGP verschl\u00fcsselt, mittels einer verschl\u00fcsselten Verbindung (TLS) zu meinem EMail-Server weitergeleitet und dort gespeichert. Die in der Anfrage enthaltenen Angaben werden nur zur Kontaktaufnahme und Beantwortung der Anfrage verwendet und nur&nbsp; bis zur Erledigung&nbsp; (in verschl\u00fcsselter Form) gespeichert.<\/p>\n<p ><\/p>  <!-- .wpforms-container -->\n\n          <\/div>\n      <\/div>\n  <\/div>\n<\/div>","protected":false},"excerpt":{"rendered":"<p>Sie k\u00f6nnen mir schriftliche Nachrichten oder Anfragen aktuell mit dem weiter unten folgenden Kontaktformular ( TLS Transport + PGP verschl\u00fcsselt ), auf dem Postwege, per FAX oder per EMail (PGP Schl\u00fcssel: siehe datenaustausch) \u00fcbermitteln. Selbstverst\u00e4ndlich bin ich w\u00e4hrend \u00fcblicher B\u00fcrozeiten auch telefonisch erreichbar. Auf Anfrage ist auch ein verschl\u00fcsselter Austausch \u00fcber die \u201aThreema\u2018&nbsp; und \u201aSignal\u2018&hellip; <br \/> <a class=\"read-more\" href=\"https:\/\/reiner-geiger.de\/?page_id=13\">Weiterlesen<\/a><\/p>\n","protected":false},"author":1,"featured_media":0,"parent":0,"menu_order":0,"comment_status":"closed","ping_status":"closed","template":"pro\/page-templates\/full-width-page.php","meta":{"footnotes":""},"class_list":["post-13","page","type-page","status-publish","hentry"],"_links":{"self":[{"href":"https:\/\/reiner-geiger.de\/index.php?rest_route=\/wp\/v2\/pages\/13","targetHints":{"allow":["GET"]}}],"collection":[{"href":"https:\/\/reiner-geiger.de\/index.php?rest_route=\/wp\/v2\/pages"}],"about":[{"href":"https:\/\/reiner-geiger.de\/index.php?rest_route=\/wp\/v2\/types\/page"}],"author":[{"embeddable":true,"href":"https:\/\/reiner-geiger.de\/index.php?rest_route=\/wp\/v2\/users\/1"}],"replies":[{"embeddable":true,"href":"https:\/\/reiner-geiger.de\/index.php?rest_route=%2Fwp%2Fv2%2Fcomments&post=13"}],"version-history":[{"count":37,"href":"https:\/\/reiner-geiger.de\/index.php?rest_route=\/wp\/v2\/pages\/13\/revisions"}],"predecessor-version":[{"id":705,"href":"https:\/\/reiner-geiger.de\/index.php?rest_route=\/wp\/v2\/pages\/13\/revisions\/705"}],"wp:attachment":[{"href":"https:\/\/reiner-geiger.de\/index.php?rest_route=%2Fwp%2Fv2%2Fmedia&parent=13"}],"curies":[{"name":"wp","href":"https:\/\/api.w.org\/{rel}","templated":true}]}}